 + 0*s**4 + 5*s**2 + 1/2*s**3 + 0 - 1/120*s**6 + 1/30*s**5. Give y(3).
-6
Let o(p) = 10*p**2 + 7 - 3 + 14*p**2 - 25*p**2 - 3*p. Let r(i) = i**2 - 13*i + 3. Let f(b) = -b + 1. Let h(z) = -6*f(z) + r(z). Let u be h(7). Determine o(u).
4
Let z(s) be the third derivative of -s**6/120 - s**5/6 - 3*s**4/4 - 8*s**3/3 - 581*s**2. Give z(-8).
0
Let c(h) = 12*h + 13*h**2 + 10 - h**3 - 3 + 2*h + 13 - 5. Give c(14).
15
Let m(u) = u - 8. Let j(p) be the first derivative of -p**3/3 + 7*p**2 - 27*p + 9. Let k be j(11). Give m(k).
-2
Let k(g) = g**2 - 2*g - 15. Suppose 5*v = 3*m - 5, 4 = 15*m - 10*m - 4*v. What is k(m)?
-15
Let b(v) be the second derivative of -v**3/6 + 19*v**2/2 - 7*v. Let k(w) = -w + 18. Let x(l) = 5*b(l) - 6*k(l). Calculate x(0).
-13
Let z(b) be the third derivative of -b**6/120 - 13*b**5/60 - b**4/8 + 4*b**3/3 - 3*b**2 - 11. What is z(-13)?
47
Suppose 300*k + 108 = 312*k. Let x(a) = a**2 - 9*a + 7. Determine x(k).
7
Suppose 3*i - 10 = -2*d, -40 = -4*i + 5*d - d. Suppose -15 + 0 = -5*p. Suppose 6 = p*a - i. Let s(f) = 2*f + 1. Determine s(a).
9
Let c(v) = v**3 - 4*v**2 + 2*v + 1. Suppose -5*p + 0 + 15 = 0. Give c(p).
-2
Let w(s) = -s**2 - 2*s + 2. Let l(k) = -3*k + 2 + k + k - 7. Let p be l(-2). Calculate w(p).
-1
Suppose 0 = 75*s - 78*s + 3. Let u(c) = -4*c**2 - 13*c + 17*c**2 - 12*c**2 - s. Determine u(13).
-1
Let r(u) be the first derivative of 0*u + 3/2*u**2 + 11. Determine r(-1).
-3
Let t(r) = r**2 - r - 3. Suppose 4*z + j - 15 = 10, 2*z = 5*j - 15. Suppose 0 = -5*i - z + 75. Let v be (-4)/i - (-8)/28. Give t(v).
-3
Let c(g) = -g**3 - 8*g**2 - 6*g + 5. Let u(f) = -f**3 - 7*f**2 - 8*f + 3. Let z = 7 + -12. Let p be u(z). Give c(p).
-2
Suppose 0 = -5*j - 13 + 53. Suppose 7*g + j*g = 3*g. Let c(s) = s**2 - 19. Give c(g).
-19
Let z(h) = 4*h. Let c(j) = -j**3 + 7*j**2 + 24*j - 56. Let k be c(9). Determine z(k).
-8
Let z be (-5 - 2) + 3/3. Let x(y) = -y**2 - 7*y + 5. What is x(z)?
11
Suppose -4*h + d + 20 = 0, -2*h = d - 15 - 1. Let i(a) = -a**3 + 7*a**2 - 6*a - 4. Determine i(h).
-4
Let d(a) be the first derivative of -1/3*a**3 - 8 - 2*a + 3*a**2. What is d(6)?
-2
Let c(t) = -2*t + 19. Let f be c(7). Let k be (-65)/13 + (f - 1). Let s(y) = 3*y - 1. What is s(k)?
-4
Let k = 45 - 27. Suppose k = 5*x + 3. Suppose -3*m + 4*j = 24 + 2, 0 = x*j - 6. Let b(c) = -c**3 - 5*c**2 + 5*c - 2. Give b(m).
4
Let v(d) = -d - 1. Let t(x) = x**2 - 4*x - 8. Let l(z) = t(z) - 4*v(z). Suppose 0 = 6*j - 4*j - 0*j. Suppose j = -30*y + 29*y + 3. Give l(y).
5
Let q = -15 + 9. Let v(h) = 20*h - 25. Let o = 3 + -28. Let n(w) = -5*w + 6. Let z(y) = o*n(y) + q*v(y). What is z(-1)?
-5
Let v(f) be the first derivative of f**3/3 - f**2/2 - 4*f - 399. What is v(-4)?
16
Let j(a) = -2*a + 2. Suppose -11 - 19 = -5*z + 2*s, 4*s = -5*z. Suppose 13 = -p - 3*w, -17*w + 13*w = -z*p - 4. What is j(p)?
10
Let b = 26 + -22. Let n be ((-3)/(-1))/((-9)/9). Let u = n - b. Let p(t) = t + 3. Give p(u).
-4
Let z be (3/(-2) - 0)*8/(-3). Suppose -z*m + 12 + 4 = 0. Let n(y) = -y**3 + 4*y**2 + 2*y + 3. Determine n(m).
11
Let n(h) = -h + 2. Let m be n(2). Let r(l) = 2 - 3*l**2 + 3*l - l + m*l. Suppose -4*d = -2*i, 3*d + d - 5*i = -12. What is r(d)?
-6
Let y(u) = -u**2 - 13*u - 42. Let c be y(-5). Let a be (-5)/(-25) + (-18)/(-10). Let x(f) = -3*f**3 + 2*f - a + 0*f**3 - f + 4*f**3 + f**2. Determine x(c).
-8
Let n(a) = 3*a**2 + 1848*a**3 - 3705*a**3 + 1851*a**3. Calculate n(2).
-36
Let l(v) = -4*v - 14. Let b be l(-4). Let h(c) = -2*c + 5. Let t be h(b). Let r(g) = 15*g**2 + 2*g - 1. Give r(t).
16
Let s(h) = h**2 - 8*h + 7. Let i = 225 + -218. Calculate s(i).
0
Let a(i) = 13*i**2 + i - 1. Let d(h) be the first derivative of 3*h**2/2 + 9. Let t be d(6). Suppose 0 = t*c - 23*c + 5. Determine a(c).
13
Let b(w) = 41*w + 1314. Let j be b(-32). Let y(c) be the third derivative of 5*c**4/12 + c**3/6 - c**2. Give y(j).
21
Let d(v) = 17*v**2 + v + 2. Suppose 6 = 2*u, -11*a + 8*a - 4*u + 9 = 0. Determine d(a).
18
Suppose 0 = -3*v - 5*b - 5, 11 = -v + 4*b + 15. Let k(u) be the third derivative of 5*u**2 + 0 + v*u - 1/6*u**3 + 1/24*u**4. Determine k(-2).
-3
Let s(d) be the first derivative of -d**3/3 - 3*d**2 + 7*d + 25. Suppose 1 + 5 = -k. Calculate s(k).
7
Let g(t) be the third derivative of t**4/24 + t**3/3 - 2*t**2 - t. Give g(11).
13
Let t(o) be the first derivative of o**4/4 + 5*o**3 - 17*o**2/2 - 19*o + 19. Determine t(-16).
-3
Let j(f) = 41*f**2 - 26*f + 1. Let s(v) = -19*v**2 + 13*v. Let k(d) = -6*j(d) - 13*s(d). Give k(12).
-18
Let t be -21*(84/18 - 5)*1. Let j(h) = -2*h + 15. Let k(s) = -s + 8. Let f(q) = -6*j(q) + 11*k(q). Give f(t).
5
Let i be 0 + (7 + 1)/4. Suppose -4*w = -k + 20, k - i*w = 9 + 3. Let s(q) = -k + 6 + q**2 - 6*q + 0*q**2 - 4. Calculate s(6).
-2
Let s(o) = o**3 - 6*o**2 + 4*o - 5. Let f be 2*1*(22 + -16). Let h(j) = 3*j - 59. Let b(x) = -2*x + 39. Let c(a) = 8*b(a) + 5*h(a). Let p be c(f). Give s(p).
-10
Suppose -x = -9*x + 24. Let k(s) = -7*s. Determine k(x).
-21
Let x(a) = a**3 - 10*a**2 + 8*a + 10. Let v(l) = -6*l - 14. Let m be v(-3). Suppose m*t = 3*t + 9. Determine x(t).
1
Let a(n) be the third derivative of -n**4/6 + n**3 + 3*n**2 + 39. Give a(3).
-6
Let c(x) = 3*x**2 + x**3 - 3*x - 74 + 158 - 81. Give c(2).
17
Let h(b) = 3*b + 12. Let p = -44 + 51. Let l(z) = 5*z + 23. Let j(w) = p*h(w) - 4*l(w). Calculate j(10).
2
Let d(f) = f**2 - 10*f + 11. Let g = 15 - 7. Let z be d(g). Let c(n) be the first derivative of -n**3/3 - 5*n**2/2 + 4*n - 1. Determine c(z).
4
Let k(w) = -5*w + 5*w + w**2 - 6 + 4*w. Suppose -29*r - 29 = 34 + 82. Calculate k(r).
-1
Let p(s) = -40*s**2 - 3 - 5*s + 3*s + 39*s**2 - 5*s. Let u = -11 - -15. Suppose -z + u*l = 3 + 7, 21 = -4*z - 3*l. Determine p(z).
3
Let y(d) = 16*d - 6. Let s(g) = 5*g - 2. Let a(b) = 7*s(b) - 2*y(b). Let o be 14/21 + (-2)/3. Suppose -3*k - k = 4*u - 12, o = 3*u + 5*k - 11. What is a(u)?
4
Let c(p) = p**2 + 11*p + 8. Suppose 0 = -224*u + 220*u - 32. Calculate c(u).
-16
Let n(c) = -c + 6. Let s(x) = -3 + 5 - 3 + 0. Let p(y) = -n(y) - s(y). What is p(11)?
6
Let g(z) = 2*z + 5. Let q be (-2*(-6)/20)/(21/(-210)). Determine g(q).
-7
Let k(g) = -g**3 + 6*g**2 + 6*g + 6. Suppose 36 + 48 = 12*z. What is k(z)?
-1
Suppose 0 = 5*s, -2*r = -r + 4*s + 66. Let n = -58 - r. Let v(b) = b**3 - 8*b**2 - 6. What is v(n)?
-6
Let h(g) be the third derivative of 0*g + 12*g**2 + 1/2*g**3 + 0 - 1/12*g**4. Give h(2).
-1
Suppose 5*r - 2*b = 6, -r + 5*b - 3 = 5. Suppose g + 6 = -3*s - 6, 31 = r*g - 5*s. Suppose g*d - 5*d - 2 = 0. Let o(j) = 8*j**2 - 2*j - 1. Give o(d).
9
Let i(b) = b + 1. Let u(y) = -2*y + 2 - 2 - 5. Let a(d) = 3*i(d) + u(d). Let t = -9 + 15. Determine a(t).
4
Suppose 12*f + 5 = 7*f. Suppose 1 - 4 = y + 4*p, 0 = -2*y - 5*p. Let i(s) = 19*s + 2. Let v(a) = 10*a + 1. Let c(h) = y*v(h) - 3*i(h). What is c(f)?
6
Let r(u) = 16*u + 12*u + 17*u + 1 - 51*u + 7*u. What is r(3)?
4
Let h(i) = -i**2 + 8*i + 9. Let z(b) = 2*b**3 - 67*b**2 - 33*b - 25. Let u be z(34). Calculate h(u).
0
Let u(z) = 2*z - 2. Let q be u(4). Let a(v) = -6*v + 9. Let x(g) = -3*g + 5. Let r(b) = q*a(b) - 11*x(b). What is r(-5)?
14
Let q be (-13)/(-6 - 7)*2/1. Let j(v) = -v**3 + 5*v**2 - 7*v + 2. Determine j(q).
0
Let o(y) = -y**2 + 34*y - 77. Let b be o(32). Let l(h) = -h**2 - 13*h. Give l(b).
0
Let w(h) = -h**2 + h + 24. Suppose 3*x = 27 - 33. Let v(p) = -p**3 - 4*p**2 - 3*p + 2. Let c be v(x). Give w(c).
24
Let a(s) = -2*s**3 - 9*s**2 + 7*s - 5. Let c(b) = -4*b**2 - b**3 + 3*b**2 + 0*b + 0*b. Suppose 0 = d - 5 + 6. Let z(n) = d*a(n) + 3*c(n). Determine z(4).
9
Let n(q) = 5 - 1 + 5*q**2 - q**3 + 2. Suppose -8*j = -10*j + 4. Suppose 0 = 5*p, -j*u - 2*p + 10 = -3*p. What is n(u)?
6
Let q(r) be the third derivative of r**5/120 + r**4/8 - r**3/6 - 3*r**2. Let x(i) be the first derivative of q(i). Let a = -19 - -15. What is x(a)?
-1
Let h(j) = 6*j**2 + 12*j - 1. Suppose 0 = 2*t - 15 + 5. Let y(k) be the first derivative of k**3/3 + k**2/2 + 6. Let r(g) = t*y(g) - h(g). Calculate r(-3).
13
Let s(h) = -15*h**3 + h**2 + 2*h + 1. Let i(r) = r**2 + 3*r - 14. Let w be i(-6). Suppose -w*f - 9 = -5. What is s(f)?
15
Let z(d) = -d**2 - d + 3. Let h be (2/(-4))/(-2 - 63/(-30)). Calculate z(h).
-17
Let g(f) = f**3 - 5*f**2 - 4. Suppose 0 = -4*x + z + 36, 5*x - 27 = 5*z + 3. Let y(p) = p*